698*v. What is c(-12)?
-3
Let l be 22 - 17 - (-12)/2. Let y(k) = k + k - k**2 - 5 + l. Let g(m) = -m**2 - 9*m - 3. Let h be g(-8). Give y(h).
-9
Let u(s) = -10*s**2 + 4*s + 3. Suppose 0 = 14*k + 10 - 28 - 10. Determine u(k).
-29
Let h(c) = -5*c + 4. Let d(a) = -4*a + 3. Let t be (-28)/21*(-6)/(-4). Let b(p) = t*h(p) + 3*d(p). Let x be (-4 - (2 + -7))*1. Give b(x).
-1
Let g(q) = -q**2 - 13*q + 31. Suppose -55400 = -14*d - 55610. Give g(d).
1
Let r(c) = 1973 + 1944 + 1939 + 4*c - 5796. Give r(-13).
8
Let z(g) = 13*g - 5. Let p be ((-210)/(-90))/(7/(-6)). Give z(p).
-31
Let n(h) = 2*h**2 - 70*h + 65. Suppose 0 = 18*b - 85 - 527. Calculate n(b).
-3
Let s(d) = 8*d**2 + 4*d**3 + 477 + 491 + 525 - 3*d**3 - 1405 + 11*d. Determine s(-8).
0
Let r(g) = g**3 + 8*g**2 - 2*g - 6. Let a = -154 + 158. Let v be a/10 + 336/(-40). Calculate r(v).
10
Let f(i) = i**3 + 10*i**2 - 6*i + 11. Let s = 13089 + -13100. Calculate f(s).
-44
Let s(p) = -7*p**2 - 53*p - 66. Let l be s(-6). Let c(b) = 73*b - 4. Calculate c(l).
-4
Let z(n) = 6*n**2. Let s(v) = 3*v - 12. Let u be s(13). Let d = -28 + u. Let b be z(d). Let y(m) = m - 1. Calculate y(b).
5
Let z(g) = 39 - 683*g - 28 + 30 + 691*g. Let a be z(-5). Let y(i) = -31*i - 9. Let s(n) = 15*n + 4. Let l(p) = -7*s(p) - 3*y(p). Determine l(a).
-13
Let i(o) = o**3 + 4*o**2 + 2*o - 1. Let y(g) = -g. Let f(n) = -i(n) - 4*y(n). Suppose -161*x + 187559 = 188364. Give f(x).
16
Let z(l) be the third derivative of l**4/8 + l**3/3 + 3*l**2 - 93. Let p = -11 - -11. Let s be 0/5 - (p - 2). Determine z(s).
8
Let p(y) be the first derivative of y**4/4 + 2*y**3 + 9*y**2/2 + 8*y - 3080. Give p(-7).
-104
Let u(n) = 322*n + 66. Let a be u(-3). Let s be (-1 + -8)*100/a. Let p(q) = q. Give p(s).
1
Let p be (-12)/24 + ((-9)/(-2))/3. Suppose 2*b = w - p, 0*b - 3 = -5*b - 3*w. Let v(o) = -5*o**2 + 0*o**2 - 6*o + o**3 + 12 + b*o - 9. What is v(6)?
3
Let y(h) = -h - 176. Let m(n) = 2*n + 611. Let u(t) = 2*m(t) + 7*y(t). What is u(-4)?
2
Let g(y) = -12*y + 0*y**3 + 10*y**2 - 4 - 32 + 4*y**3 + 25. Let r(u) = 3*u**3 + 10*u**2 - 12*u - 12. Let h(i) = -2*g(i) + 3*r(i). Give h(-11).
-3
Let h(m) = 4*m + 4. Suppose 4*t = n - 338 + 24, 4*n - 4*t - 1244 = 0. Let u = n - 302. What is h(u)?
36
Suppose -2*c - 139 - 25 = 0. Let l = c - -89. Let k(w) = w**2 - 9*w - 8. Give k(l).
-22
Let u(y) = -3*y**2 + 18*y - 10. Let h be -5 + (-23 - -22) - (11/(-1))/1. Give u(h).
5
Let k(v) = 9*v**2 + v + 2. Let f = 7727 - 7724. Give k(f).
86
Let s(y) be the second derivative of -y**4/12 + 4*y**3 + 249*y**2/2 + 5*y - 120. What is s(32)?
-7
Let h be ((-2)/9*-2)/(2558/11511). Let c(y) be the second derivative of -1/12*y**4 + 4*y**h + 0 + 27*y + 5/6*y**3. Calculate c(6).
2
Let x(t) = t + 4. Let f(w) = 12*w + 104. Let b be f(-6). Suppose -6*p + b = -2*p. Determine x(p).
12
Let j(k) = -3*k**3 + 5*k**2 - 13*k + 23. Let m(b) = 2*b**3 + 75*b**2 + 295*b - 64. Let q be m(-33). Determine j(q).
-7
Let d(n) = -162*n + 2433. Let z(i) = 40*i - 599. Let w(a) = -2*d(a) - 9*z(a). Calculate w(15).
-15
Let b(u) = -3*u + 485. Let j be b(161). Let v(p) = -3*p**3 + p**2 - 3*p + 6. Calculate v(j).
-20
Let i(n) = -n**3 + 15*n**2 + 33*n + 15. Let m(q) = -752*q - 2991. Let z be m(-4). Calculate i(z).
-2
Let o = -8485 + 8491. Let h(l) = -10*l + 50. Give h(o).
-10
Let x(m) be the first derivative of 23/2*m**2 - 1/24*m**4 + 0*m - 2 + 7/6*m**3. Let d(g) be the second derivative of x(g). Give d(6).
1
Let x(l) = -l**2 + 349*l + 2493. Let t be x(-7). Let a(g) = 1. Let o(b) = -23*b + 69. Let f(j) = -69*a(j) + o(j). Calculate f(t).
-23
Let n(d) be the first derivative of -12*d - 4*d**2 - 4*d + 43 + 18*d + 3*d**2. Suppose 6 = 2*j + f, 0*f - 10 = -3*j - 2*f. What is n(j)?
-2
Let m = 327 + -327. Let y(a) = m*a**2 - 3*a - 6 - 1 - 4*a**2 - 27*a**3 + 28*a**3. Calculate y(5).
3
Let o(c) = 41*c. Let z = -309 - -309. Let t be o(z). Let n(m) = m - 4. Determine n(t).
-4
Let f(w) = -2*w**2 + 3. Let x be 0*4/(-12)*(-14 - -13). What is f(x)?
3
Let u(p) = 41 + 3*p**2 - 10*p - 41 + p**2 + 12*p. Determine u(-2).
12
Let t(d) be the second derivative of d**4/12 - 2*d**3 + 37*d**2/2 - 147*d + 3. Give t(5).
2
Let r = 67 - 104. Let v = 42 + r. Suppose q - 5*i - 16 = 0, -v*q + i + 3*i + 38 = 0. Let o(j) = j**3 - 7*j**2 + 8*j + 3. Determine o(q).
15
Let d = 327 - 324. Let r be 4 + (-1 - (7 - d)). Let v(a) = -2*a**2 + 2*a. Determine v(r).
-4
Let x(v) = -v**2 + 190*v - 8397. Let b be x(120). Let q(m) be the third derivative of 0*m + 0 - 3/8*m**4 + 2/3*m**b + 8*m**2 + 1/60*m**5. What is q(6)?
-14
Let o(g) = -14*g - 4. Let z be o(-2). Let y = z + -30. Let d(t) = 2 + t + 0 - 3. Determine d(y).
-7
Let s = -168912 - -168906. Let v(c) = c + 10. Let l(j) = -1. Let p(u) = 6*l(u) + v(u). What is p(s)?
-2
Let t(j) be the third derivative of -j**6/180 + j**5/60 + j**4/6 + 35*j**3/3 - 12*j**2 + 1. Let l(f) be the first derivative of t(f). Calculate l(3).
-8
Suppose 27 - 13 = -i. Let j(z) = -z**2 - 9*z + 28. Let m be j(i). Let v = 50 + m. Let b(l) = l**2 - 11*l + 8. Calculate b(v).
-16
Let m(h) be the third derivative of h**8/6720 - h**7/420 - 3*h**4/8 - h**3 - 215*h**2. Let l(u) be the second derivative of m(u). Give l(6).
0
Let p be (-1 - 5)*325/(-130). Let w(g) = -g**2 + 13*g - 32. Let l(d) = 3*d**2 - 40*d + 96. Let c(m) = -4*l(m) - 11*w(m). Calculate c(p).
-2
Let j(m) = -1 - 3 - 5*m + 20*m**2 + 5*m**2 + 10*m**2 + 3*m - 32*m**2. Suppose 2*c - 3 = 3. Calculate j(c).
17
Let o be (59/(-3) + 18)/((-10)/(-24)). Let s(u) = 4*u - 1. Determine s(o).
-17
Let w(u) = 9*u**2 - 43*u + 25. Let m(r) = 20*r**2 - 85*r + 23. Let n(b) = 4*m(b) - 9*w(b). Calculate n(44).
-1
Let o(i) = 27*i + 326. Let d be o(-12). Let l(t) = -28*t**2 - t + 4 + 61*t**d - 34*t**2. What is l(0)?
4
Let l(f) = f**3 + f**2 + f + 2. Let g(w) = -w**3 + 116*w**2 + 118*w - 120. Let n be g(117). Give l(n).
-19
Let k(v) be the third derivative of 1/60*v**5 - 1/2*v**4 - 5/6*v**3 + 0 + 0*v - 88*v**2. Determine k(12).
-5
Let z(q) be the third derivative of -q**5/60 - q**4/4 - 2*q**3/3 - q**2 - 443*q. Calculate z(-7).
-11
Let i(s) be the second derivative of -s**4/3 - s**3/2 + 3*s**2/2 + 7*s. Let l(p) = -128*p - 638. Let t be l(-5). Calculate i(t).
-19
Let x be 5/40 - 1595/(-232). Let d(h) = -3*h**2 - 5*h + 25. What is d(x)?
-157
Suppose 23 = -3*m + 4*j, 4*m + 4*j + 836 = 852. Let d(w) = 4*w**3 - w - 2. What is d(m)?
-5
Let w(k) = 16 - 76*k - 5 + 152*k - 9 - 77*k. Suppose 4*q = -4*l - 0*q - 28, -8 = -l + 4*q. Let t be 86/18 - l/18. Calculate w(t).
-3
Let g be (-148)/518 + 16/7. Let x(t) = 2*t**3 + t**2 - 3*t**3 + 4 + 9*t**2 + 0*t**g - 10*t. Give x(9).
-5
Let k(f) = f**3 + 10*f**2 + f + 2. Suppose 13 - 77 = -16*x. Suppose 2*p + 10 = 2*q, 2*q - 30 = x*p - 0*q. What is k(p)?
-8
Let a(c) be the third derivative of 0*c + 7/24*c**4 - 4/3*c**3 + 43*c**2 + 1/60*c**5 + 0. What is a(-6)?
-14
Let u(v) = -v**2 - 8*v - 12. Let j(n) = 2*n**2 + 12*n + 24. Let y(h) = -3*j(h) - 5*u(h). Calculate y(0).
-12
Let a(s) be the first derivative of -5*s - 3/2*s**2 + 92. Give a(-4).
7
Let k(y) = -2*y. Let l(f) = 5*f - 1. Let z(v) = -14*k(v) - 6*l(v). Suppose -3*x - 5*q + 5 + 15 = 0, -x = -3*q + 12. Let b be z(x). Let h(a) = -a + 1. Give h(b).
-5
Let j(a) = -31. Let x(f) = f - 32. Let c(z) = -4*j(z) + 3*x(z). Let u be c(-8). Suppose -6 = 2*k - t, -1 = u*k - 5*t + 5. Let g(p) = -p - 5. Determine g(k).
-1
Let g(x) = -x**3 + x**2 + x. Let i(k) = -6*k**3 + 22*k**2 - 15*k - 9. Let f(y) = 5*g(y) - i(y). Determine f(16).
73
Let p(a) = 4*a - 7. Let d(g) = 2*g**3 + g**2 - 5*g - 5. Let z be d(-2). Let i(j) = 2*j - 4. Let o(l) = z*i(l) + 3*p(l). Determine o(7).
-7
Let y = -312 + 291. Let j be 2*(7/y)/((-2)/(-12)). Let h(s) = s - 2*s - 2*s - 6 - s**3 - 5*s**2. Give h(j).
-10
Let i(b) = 4*b + 8. Let c(s) = s**3 + 6*s**2 - 3*s - 11. Let u be c(-6). Give i(u).
36
Let o(t) be the second derivative of -t**5/20 - t**4/4 - t**3/3 - 2*t**2 + 3*t. Let r be ((7 + -1)*-1)/2. Determine o(r).
2
Let x(f) = -36*f + 244. Let u(i) = 43*i - 246. Let l(n) = 3*u(n) + 4*x(n). Calculate l(16).
-2
Let i(h) = -18*h**3 + h**2 - h - 1. Suppose 0 = -4*w - 13*o + 9*o, 0 = -4*o - 4. Let d be 42/7 - (w - -6). Calculate i(d).
19
Let k be 1/6 + (-44)/(-24). Suppose 3*u - 7 = -4*y, -3*y + 2*u + 1 + 0 = 0. Let w(d) = 2*d**3 - d**3 + 2*d + y - 2*d**3 - 4 + 2*d**2. Deter